Evaluate 30 + -62 - (0 + -1 - 8).
-23
Calculate 3 - ((5 - 6) + 2).
2
14 - (42 + -22 + -17)
11
Evaluate -12 + (10 - 1) + 2 + -2.
-3
Evaluate 2 + (-7 - -2 - 5) - 3.
-11
Calculate 3 - (-2 + 2 + 9) - -9.
3
What is (3 + 1 - 7 - -2) + (-3 - -3)?
-1
Evaluate -3 + 2 - (126 - 123).
-4
What is the value of -19 + (18 - -3) + -7 + 11 + -15?
-9
What is the value of 37 + (26 - (17 - -24))?
22
Evaluate -12 + (-6 - -10) - (0 - -6).
-14
Evaluate 15 - ((0 - -3) + -10 + 15).
7
What is the value of -3 + 16 - (6 + 0) - 7?
0
-5 - (-5 + 5) - (2 - (2 - -2))
-3
Calculate (22 - -6) + -25 - 11.
-8
-11 + (-2 + -13 - -15 - (-4 + 0))
-7
-29 + 26 + -14 + (1 - -3)
-13
12 + -4 + 6 + -8 + -4 - -1
3
Calculate 4 - (6 - -1 - 5) - 14 - 1.
-13
Evaluate -1 + (0 - 1) + (-4 + 19 - 10).
3
6 + 11 + -1 + -4 + 5 + -5
12
Evaluate (-3 - 0) + (59 + -31 - 5).
20
Calculate (1 - 6) + (0 + 0 - (39 + -40)).
-4
Evaluate 1 - (0 - (1 + -4)).
-2
What is the value of -164 + 162 + 4 + 20?
22
10 - -2 - 3 - (13 + (5 - 11))
2
Evaluate (15 - (6 - -11)) + 7.
5
(1603 - 1604) + (-1 - (-1 + -5))
4
What is (-17 - -6) + -7 - (33 + -42)?
-9
Calculate 0 + (14 - 4 - -2) + -44.
-32
Evaluate 5 - 10 - (7 - 2).
-10
What is the value of 0 + (-37 + 12 - (0 + -10 + 4))?
-19
What is (1 - -6 - (45 + -33)) + 9?
4
Evaluate -20 + (23 + -10 - 6).
-13
Calculate -22 + -9 + 6 - -32.
7
What is -13 + -10 + (-7 + 16 - 1)?
-15
(23 + -18 - -4) + -12
-3
What is the value of -29 - (-25 + 9 + 7)?
-20
What is the value of (2 - 3) + 6 - (40 + -37)?
2
Evaluate 10 - (8 + 10) - -12.
4
What is the value of (-10 - -4 - -6) + -9 + 10 + 1?
2
What is -3 - (-7 + (-2 - -7)) - 2?
-3
1 + (-1 - -6 - 4) - 5 - 3
-6
Evaluate -602 + 598 + (1 - -15 - (0 - -1)).
11
Evaluate 0 - ((10 - (-11 + 22 - 2)) + -11).
10
Calculate 7 + (-14 - (-8 + 5)) - (4 + -1).
-7
What is -14 + 8 + -5 - (11 - 2 - 4)?
-16
Calculate 26 + -62 + 28 - -38.
30
2 + 2 + -4 + 42 + -34
8
Evaluate 29 + (-8 - (-6 + -6)) + -8.
25
Evaluate 25 + -9 + -13 - 15.
-12
Calculate 12 + -35 - -8 - -4.
-11
Evaluate -6 + (3 + -4 - (1 + -14)).
6
What is the value of 0 + 2 - (-22 + 30 + -11)?
5
What is the value of (-73 - -72) + (0 - -6) - (2 + -7)?
10
What is -9 - (8 + 8 + -8 + -26) - -2?
11
What is the value of 5 + 4 + -6 + -4 + 5?
4
What is 27 - (-4 - (-4 - 1) - -3) - 3?
20
(-42 - -18) + 13 - 10
-21
Evaluate 55 - 31 - -31 - 42.
13
What is the value of -7 + 1 + 10 - 17?
-13
Evaluate 3 + -5 + (1 - (-4 + 5)) - -14.
12
(6 - -1) + -14 + -3 - -3 - -2
-5
18 - (-13 + 8 - (-2 + 1 + -4))
18
Evaluate -1 + -4 + (-14 - -26) + -19.
-12
-19 + -29 + 65 + -21
-4
What is the value of (4 + -3 - 4) + 61 + -45?
13
Calculate -3 - ((9 - (-6 + 8 + 15)) + -16).
21
What is the value of 42 - (-4 + 14 + 23)?
9
What is (1 - (9 + -1 - -1) - 5) + 5?
-8
What is (23 + -2 - 11) + (1 - 0)?
11
Calculate 25 + 16 - 3 - 39.
-1
Evaluate 20 + (-26 - (8 + -6)).
-8
Calculate -20 - (7 + -43 + 26).
-10
What is 17 + -12 + (5 - (-5 + 29))?
-14
Calculate 9 - (7 + 2 + (-7 - -5)).
2
What is -12 - (10 + -2 - 39)?
19
Calculate 3 - -6 - (8 + 32 + -20).
-11
-13 - ((16 + -4 - 46) + 1)
20
-9 + 26 - (20 - 9)
6
What is 0 + -1 + 7 + -43 + 33?
-4
-3 + -2 + (18 + -34 - -19)
-2
Calculate (4 - 27) + (51 - 38).
-10
What is the value of (-2 + 14 - 3) + -13?
-4
Calculate -7 - (3 + -11) - 7.
-6
What is (-4 - -17) + 7 + (-4 - 2 - 4)?
10
(-12 - (-11 + 8 - -6)) + 12
-3
Evaluate 27 + 2 + (-4 - (2 + -1) - 4).
20
Evaluate -25 + -11 + 2 + 10 + (-3 - -6).
-21
Calculate 3 + -6 + (1 - -2) + -1.
-1
Calculate -4 + 3 + 13 + (0 - -1).
13
16 - (29 + -10) - (0 - (4 + -2))
-1
What is the value of -6 + 0 + 8 + -14 + -19 + 11?
-20
Calculate -2 + -4 + (-3 - -4) + -2.
-7
(206 - 173) + -1 + -24
8
Calculate 6 - (-8 + 20) - (-88 - -105).
-23
Calculate 13 - (0 - -6 - 20) - 15.
12
-6 + 4 - 2 - (102 + -92)
-14
What is -31 - ((6 - -9 - 13) + -9)?
-24
What is 63 - 79 - (-19 + 0)?
3
What is 6 + 1 + -7 + 6 + -24?
-18
(2 - (4 + -6)) + -6
-2
What is the value of (1 - 1) + 11 - (-57 + 19 + 31)?
18
(4 - 3) + 2 + 16 + (-173 - -164)
10
11 - 2 - (152 - 154)
11
What is the value of -5 + -10 + (-3 - 0) + 46?
28
Evaluate -13 - (-9 - (-11 - -8)) - 9.
-16
(2 - (-5 - ((6 - 0) + -11))) + 0
2
Evaluate 15 - (-1 - -35) - -11.
-8
What is the value of 1 + -302 + 297 + (28 + -2 - 2)?
20
What is (6 - -1 - (-229 - -220)) + -2?
14
0 + 7 + (6 + -4 + 11 - 7)
13
-38 - -13 - (-16 + 1)
-10
-8 + 26 + -24 + 0 + 8
2
Calculate -9 + 17 + -3 - -13.
18
(-3 - -1) + (-14 + 1 - (-136 + 145))
-24
Evaluate -2 + 9 + -2 - (2 - 12).
15
What is the value of (-5 - -21) + -11 - 4 - (-21 + 7)?
15
What is 44 + 3 + -7 + -24?
16
Calculate -24 - 5 - (-4 + (-8 - (-8 - -1))).
-24
(3 - -17) + -19 + 2
3
What is 22 - 30 - ((-8 - 6) + 1)?
5
Calculate -16 - (-4 + -18) - (6 + 1 + -2).
1
Evaluate (-6 + 1 - (10 + -14)) + 2.
1
Calculate (10 - (0 - 19)) + -34.
-5
Calculate (-231 - -238 - (1 - -3)) + (2 - -1).
6
Evaluate -2 + (5 - ((3 - 3) + 11)).
-8
Calculate -3 - (3 - (4 - (-8 - -5))).
1
Calculate 34 - 40 - -31 - 14.
11
What is the value of 21 + -1 + -17 - 4?
-1
What is the value of 22 + -40 + 22 + 8?
12
What is the value of 10 + 0 + (-5 - 3) - -2?
4
-4 - (-478 + 470 + 1 + (2 - 0))
1
Calculate -223 + 206 - (-2 - 16).
1
Evaluate 20 + (-26 - -14) - (10 - 0).
-2
What is 9 - (3 - 4) - (8 - 10)?
12
Calculate -14 + (22 + 2 - 10).
0
What is -70 - -80 - (9 - -2)?
-1
Evaluate 33 - -2 - (-36 + 69).
2
What is -11 + 6 + 9 + -12 + 3?
-5
What is the value of 8 + (-17 - (-7 - 9))?
7
-8 + (-20 + (0 - -8 - -2) - 10)
-28
Calculate (-3 + -2 + (8 - 10) - -4) + 6.
3
-8 + -1 + 10 + -7 + 4
-2
What is the value of -4 + 11 - 21 - (9 - 6)?
-17
-12 - ((14 - 5) + -11)
-10
What is the value of (238 - 233) + (-2 - 2)?
1
((2 - 22) + 23 - 21) + 41
23
Evaluate -11 + (6 - 7) - (6 - 42 - -5).
19
Calculate (0 - -2) + (6 - -18) + -15.
11
What is the value of 4 + 0 + 0 + -12 + 12?
4
What is the value of -6 + 8 + (1 - 9) + 9?
3
Evaluate -9 + (0 - (6 - 21)).
6
-42 + -12 + 17 + 58
21
6 + (-8 - -6) - 4 - (3 + 4)
-7
Evaluate -3 - (-17 + 36 + -19 - (0 - 0)).
-3
What is the value of -12 - (2 + -13 + 6 + 6)?
-13
What is the value of -4 + -1 - (-1 + (12 + -4 - 29))?
17
(-3 - -16) + (-223 - -188)
-22
Evaluate -8 - (-12 + 0) - 11.
-7
What is 6 + -3 + -15 + (53 - 18)?
23
-110 - -126 - (1 - ((3 - 4) + 3))
17
Calculate 15 - (-3 - -9) - 23.
-14
What is (-4 - -7) + (-7 - -3 - -7) + -5?
1
Evaluate -7 + -10 + 15 + (1 - 8) - 14.
-23
What is (7 - 1 - 0 - 9) + 11?
8
What is the value of (-27 - -13) + 18 - -7?
11
What is (21 - 9) + -6 - 11 - (-3 - 19)?
17
What is the value of -1 - ((4 - -2) + 8 + -3)?
-12
Evaluate -9 - (-31 + 24) - -25.
23
5 + 3 + -6 - (14 + 0)
-12
What is the value of -13 - (-9 - (-4 + -7) - 4)?
-11
Evaluate -1 + (5 - -2) + -12.
-6
-3 + 1 + (140 - 137)
1
What is 3 + 2 + -2 + 13 + (10 - 19)?
7
What is 0 + (-2 - (3 - 2)) + -2 + -8?
-13
Evaluate -12 + (-2 - -7) + 2 + 8.
3
-1803 + 1805 - ((-1 - -8) + 1 - 1)
-5
What is 6 + -13 + -9 + (-1 - -20) + -4?
-1
Evaluate -6 + (-10 + 17 - (-5 + -1)) + -7.
0
Calculate (-12 - -1) + (54 - 54).
-11
What is the value of -7 + 13 + 5 + -4 + -3?
4
Evaluate 0 - -17 - ((-1 - -4) + 1).
13
What is 11 + (-11 - -9) - 35?
-26
Calculate 165 + -168 - (18 + -2).
-19
Evaluate (2 - 29) + (-9 - -27).
-9
24 + -16 + (-1 - 2)
5
16 + -7 - 33 - -4
-20
3 + -31 - (12 - 34)
-6
Calculate -23 + 0 + -18 + (12 - 1).
-30
What is -159 + 165 + (0 - 2 - 4)?
0
Evaluate (-3 - -3) + 63 + -57 + 9.
15
What is the value of 23 + (35 - 44) + (-35 - 2)?
-23
What is -5 - (1 - -4) - (7 + -29)?
12
Evaluate (2 - 17) + (-32 - (-24 - 6)).
-17
What is -7 + 16 - (8 - 10)?
11
Calculate 356 - 328 - (-1 + 16).
13
Calculate -128 - -91 - (1 - 22).
-16
Calculate -6 - ((4 - -8) + -15).
-3
What is 11 + -6 + (0 - -17 - 30)?
-8
24 + 4 - -2 - (-4 - -9)
25
What is (21 - 14) + -34 + 3?
-24
Evaluate -5 + 1 + -1 + 6 + 1.
2
What is the value of -1 + 1 - (1 + -11 + 3)?
7
What is the value of 6 - (-7 - (4 - 30))?
-13
Calculate -8 - ((0 + (10 - 4) - 6) + -5).
-3
What is the value of -2 + 19 + -10 + -12?
-5
Evaluate (3 - 37) + -541 + 589.
14
1 + -12 + (-28 - 25 - -73)
9
What is -11 - ((12 - 28) + -5)?
10
Calculate 2 - (10 + (-10 - -7)).
-5
What is (-1 + 0 - (-174 + 164)) + 5?
14
(1976 - 1944) + (-27 - 0)
5
What is the value of (2 + -2 - 0) + 0 + (-1 - 18)?
-19
What is -13 + -5 + 35 + -7 + -28?
-18
What is the value of (-27 - -66) + 15 + 